or of 204120?
True
Is 60 a factor of 624960?
True
Does 10 divide 312750?
True
Is 251658 a multiple of 99?
True
Is 109 a factor of 2291289?
True
Is 11 a factor of 1106592?
False
Is 785 a factor of 3416320?
True
Is 400785 a multiple of 35?
True
Is 2888810 a multiple of 55?
False
Is 55 a factor of 4314678?
False
Does 11 divide 421947?
False
Does 80 divide 16035?
False
Is 132651 a multiple of 94?
False
Is 136292 a multiple of 6?
False
Does 24 divide 371232?
True
Is 36 a factor of 13140?
True
Is 77084 a multiple of 15?
False
Is 572 a factor of 6337134?
False
Is 995699 a multiple of 23?
False
Is 31 a factor of 182218?
True
Does 8 divide 1053726?
False
Is 271293 a multiple of 9?
False
Is 783750 a multiple of 5?
True
Is 11 a factor of 215677?
True
Is 13 a factor of 2244229?
True
Is 158 a factor of 16653042?
True
Does 29 divide 56231?
True
Does 304 divide 307848?
False
Does 448 divide 55103?
False
Does 18 divide 1161011?
False
Does 61 divide 2216618?
True
Is 900658 a multiple of 690?
False
Is 7408 a multiple of 49?
False
Is 38 a factor of 113924?
True
Is 32 a factor of 12576?
True
Does 542 divide 2041491?
False
Is 287 a factor of 9526104?
True
Is 225940 a multiple of 52?
True
Does 3 divide 56539?
False
Does 367 divide 2078397?
False
Is 5 a factor of 1113593?
False
Does 21 divide 5355042?
True
Is 5325622 a multiple of 63?
False
Does 9 divide 364510?
False
Is 1101838 a multiple of 107?
False
Is 111648 a multiple of 61?
False
Is 237540 a multiple of 214?
True
Does 139 divide 86319?
True
Is 66 a factor of 128964?
True
Is 242729 a multiple of 388?
False
Is 594202 a multiple of 15?
False
Is 11 a factor of 1140755?
True
Does 86 divide 207260?
True
Is 5928192 a multiple of 992?
True
Is 13605 a multiple of 38?
False
Is 2392030 a multiple of 3?
False
Is 20197 a multiple of 24?
False
Does 14 divide 1179316?
False
Is 1476426 a multiple of 42?
True
Is 3 a factor of 273738?
True
Does 5 divide 214178?
False
Is 86814 a multiple of 234?
True
Does 82 divide 797311?
False
Does 16 divide 1083284?
False
Does 17 divide 353855?
True
Is 144 a factor of 167604?
False
Does 10 divide 202218?
False
Does 174 divide 4643190?
True
Does 528 divide 746480?
False
Does 322 divide 958232?
False
Is 112980 a multiple of 162?
False
Is 367647 a multiple of 7?
True
Is 193 a factor of 193?
True
Is 1733908 a multiple of 451?
False
Does 181 divide 113665?
False
Is 41140 a multiple of 25?
False
Is 1686956 a multiple of 589?
False
Does 2 divide 4241?
False
Does 4 divide 29672?
True
Is 3412656 a multiple of 13?
True
Is 8 a factor of 82368?
True
Is 40 a factor of 4381708?
False
Does 50 divide 581249?
False
Does 19 divide 5209376?
False
Does 51 divide 219001?
False
Does 106 divide 16235?
False
Does 2 divide 18990?
True
Does 999 divide 248449?
False
Is 13 a factor of 181662?
True
Is 1105125 a multiple of 875?
True
Does 95 divide 488987?
False
Is 678898 a multiple of 11?
True
Is 91 a factor of 779870?
True
Is 143685 a multiple of 17?
False
Does 66 divide 2561874?
False
Does 24 divide 215025?
False
Is 2701732 a multiple of 39?
False
Is 137 a factor of 262903?
True
Is 16126439 a multiple of 326?
False
Does 1146 divide 1658262?
True
Is 2345471 even?
False
Is 17 a factor of 261885?
True
Does 12 divide 5032491?
False
Is 10 a factor of 3737501?
False
Is 1186570 a multiple of 21?
False
Is 5 a factor of 284823?
False
Does 4 divide 11161720?
True
Is 19344 a multiple of 624?
True
Is 5 a factor of 13345?
True
Is 140623 a multiple of 6?
False
Is 40 a factor of 379520?
True
Does 19 divide 6103793?
False
Does 12 divide 217560?
True
Is 1700558 a multiple of 122?
True
Is 276 a factor of 222820?
False
Is 28601 a multiple of 39?
False
Is 14 a factor of 52739?
False
Is 18 a factor of 755247?
False
Is 36811 a multiple of 313?
False
Does 5 divide 3555?
True
Is 534600 a multiple of 50?
True
Is 39 a factor of 207870?
True
Does 206 divide 2256544?
False
Is 522863 a multiple of 6?
False
Is 687914 a multiple of 336?
False
Is 464506 a multiple of 379?
False
Is 8901522 a multiple of 63?
True
Does 1117 divide 13399139?
False
Is 319928 a multiple of 54?
False
Does 32 divide 661024?
True
Does 16 divide 1063782?
False
Is 169176 a multiple of 19?
True
Is 472826 a multiple of 21?
False
Is 452380 a multiple of 10?
True
Is 338 a factor of 118638?
True
Does 3 divide 102628?
False
Does 216 divide 7633961?
False
Is 3 a factor of 114834?
True
Does 596 divide 297404?
True
Is 2081 a multiple of 5?
False
Is 113977 a multiple of 29?
False
Does 484 divide 1389564?
True
Is 23995587 a multiple of 345?
False
Is 4459056 a multiple of 1104?
True
Is 19458 a multiple of 69?
True
Does 79 divide 1352243?
True
Is 178304 a multiple of 56?
True
Does 21 divide 274958?
False
Is 6 a factor of 72552?
True
Does 15 divide 3161415?
True
Is 20 a factor of 364040?
True
Is 71262 a multiple of 37?
True
Is 482650 a multiple of 350?
True
Does 27 divide 12785423?
False
Is 35 a factor of 338170?
True
Is 9053412 a multiple of 14?
False
Is 468622 a multiple of 158?
False
Is 202160 a multiple of 38?
True
Is 11 a factor of 58112?
False
Is 304 a factor of 284744?
False
Is 23 a factor of 579830?
True
Is 3 a factor of 1778792?
False
Is 478143 a multiple of 81?
True
Is 174804 a multiple of 84?
True
Is 27395 a multiple of 13?
False
Is 6462 a multiple of 6?
True
Is 881790 a multiple of 247?
True
Is 428 a factor of 202809?
False
Is 103 a factor of 1017699?
False
Is 543317 a multiple of 78?
False
Is 63 a factor of 4518486?
True
Is 72112 a multiple of 16?
True
Is 8 a factor of 24487?
False
Is 607 a factor of 26794194?
True
Is 49 a factor of 969955?
True
Is 27025984 a multiple of 808?
True
Is 393 a factor of 870888?
True
Does 16 divide 2023168?
True
Is 13 a factor of 222521?
True
Does 42 divide 6251364?
True
Is 46 a factor of 16928?
True
Is 51968 a multiple of 4?
True
Does 6 divide 332782?
False
Is 178 a factor of 213914?
False
Is 29408274 a multiple of 93?
True
Is 6375516 a multiple of 84?
True
Is 220 a factor of 7920?
True
Is 6 a factor of 219498?
True
Does 43 divide 159701?
False
Is 18648 a multiple of 36?
True
Is 6279582 a multiple of 244?
False
Is 8 a factor of 2473696?
True
Is 2636842 a multiple of 1168?
False
Is 610848 a multiple of 672?
True
Does 8 divide 276216?
True
Is 29 a factor of 259231?
True
Is 37 a factor of 1284159?
True
Is 488679 a multiple of 41?
True
Is 170246 a multiple of 173?
False
Does 545 divide 6242430?
True
Is 2226845 a multiple of 1255?
False
Does 1028 divide 14056872?
True
Does 35 divide 905728?
False
Is 7280 a multiple of 31?
False
Does 123 divide 107325?
False
Does 3 divide 14614?
False
Is 154 a factor of 104957?
False
Does 92 divide 2189837?
False
Does 139 divide 654969?
False
Is 97633 a multiple of 53?
False
Is 235 a factor of 17187?
False
Does 621 divide 1018004?
False
Does 60 divide 5730000?
True
Is 92 a factor of 17568472?
False
Does 62 divide 153?
False
Is 120340 a multiple of 220?
True
Is 224781 a multiple of 31?
True
Does 13 divide 17509?
False
Does 20 divide 17314?
False
Is 697362 a multiple of 6?
True
Is 42 a factor of 1076372?
False
Does 17 divide 3606416?
False
Does 10 divide 3535222?
False
Does 16 divide 9087900?
False
Is 47485 a multiple of 2?
False
Is 42921 a multiple of 36?
False
Is 869 a factor of 1856184?
True
Is 508 a factor of 1827136?
False
Is 11 a factor of 9467975?
True
Is 326 a factor of 313286?
True
Does 145 divide 1572235?
True
Does 2 divide 1354?
True
Does 33 divide 2836647?
True
Is 2312625 a multiple of 15?
True
Is 10 a factor of 888367?
False
Is 18 a factor of 1450203?
False
Is 262115 a multiple of 74?
False
Is 34398 a multiple of 19?
False
Is 10 a factor of 240758?
False
Is 393600 a multiple of 410?
True
Is 1225 a factor of 1684634?
False
Is 5 a factor of 1161013?
False
Is 1669542 a multiple of 9?
False
Is 6748704 a multiple of 6?
True
Is 8 a factor of 1256600?
True
Does 370 divide 655270?
True
Is 283594 a multiple of 14?
False
Does 32 divide 357600?
True
Is 7 a factor of 55377?
True
Does 10 divide 200610?
True
Is 43320 a multiple of 6?
True
Is 563 a factor of 71501?
True
Does 185 divide 183589?
False
Is 63 a factor of 550431?
True
Is 642633 a multiple of 3?
True
Is 577860 a multiple of 60?
True
Is 1900410 a multiple of 10?
True
Is 25 a factor of 2021374?
False
Is 206965 a multiple of 11?
True
Is 24336 a multiple of 156?
